{"id":40,"date":"2017-06-30T16:44:54","date_gmt":"2017-06-30T14:44:54","guid":{"rendered":"http:\/\/wp2017.gebogene-kanarienrassen.de\/?page_id=40"},"modified":"2023-07-21T09:07:16","modified_gmt":"2023-07-21T07:07:16","slug":"impressum","status":"publish","type":"page","link":"https:\/\/wp2017.gebogene-kanarienrassen.de\/?page_id=40","title":{"rendered":"Impressum"},"content":{"rendered":"<p><strong>Angaben gem\u00e4\u00df \u00a7 5 TMG:<\/strong><\/p>\n<p><b>IG der glattbefiederten Figurenkanarien e.V.<\/b><br \/>\nClaus Wiemann<br \/>\n1. Vorsitzender<br \/>\nBrockweg 73A<br \/>\n33332 G\u00fctersloh<br \/>\nDeutschland<br \/>\nTel.: +49 (0) 5241 53 11 98<br \/>\nEmail: clauswiemann@t-online.de<\/p>\n<p><strong>Technische Angaben<\/strong><\/p>\n<p><b>Technisch Verantwortlicher<\/b>:<br \/>\nClaus Wiemann<br \/>\n&#8211; Redaktion Webseite &#8211;<br \/>\nEmail: clauswiemann@t-online.de<\/p>\n<p><strong>Wichtiger Hinweis:<\/strong><\/p>\n<p>Trotz sorgf\u00e4ltiger inhaltlicher Kontrolle \u00fcbernehmen wir keine Haftung f\u00fcr die Inhalte externer Links. F\u00fcr den Inhalt der verlinkten Seiten sind ausschlie\u00dflich deren Betreiber verantwortlich. Alle hier verwendeten Namen, Begriffe, Zeichen und Grafiken k\u00f6nnen Marken- oder Warenzeichen im Besitze ihrer rechtlichen Eigent\u00fcmer sein. Die Rechte aller erw\u00e4hnten und benutzten Marken- und Warenzeichen liegen ausschlie\u00dflich bei deren Besitzern.<\/p>\n","protected":false},"excerpt":{"rendered":"<p>Angaben gem\u00e4\u00df \u00a7 5 TMG: IG der glattbefiederten Figurenkanarien e.V. Claus Wiemann 1. Vorsitzender Brockweg 73A 33332 G\u00fctersloh Deutschland Tel.: +49 (0) 5241 53 11 98 Email: clauswiemann@t-online.de Technische Angaben Technisch Verantwortlicher: Claus Wiemann &#8211; Redaktion Webseite &#8211; Email: clauswiemann@t-online.de Wichtiger Hinweis: Trotz sorgf\u00e4ltiger inhaltlicher Kontrolle \u00fcbernehmen wir keine Haftung f\u00fcr die Inhalte externer Links. F\u00fcr den Inhalt der verlinkten<\/p>\n","protected":false},"author":1,"featured_media":0,"parent":0,"menu_order":0,"comment_status":"closed","ping_status":"closed","template":"","meta":{"footnotes":""},"class_list":["post-40","page","type-page","status-publish","hentry"],"_links":{"self":[{"href":"https:\/\/wp2017.gebogene-kanarienrassen.de\/index.php?rest_route=\/wp\/v2\/pages\/40","targetHints":{"allow":["GET"]}}],"collection":[{"href":"https:\/\/wp2017.gebogene-kanarienrassen.de\/index.php?rest_route=\/wp\/v2\/pages"}],"about":[{"href":"https:\/\/wp2017.gebogene-kanarienrassen.de\/index.php?rest_route=\/wp\/v2\/types\/page"}],"author":[{"embeddable":true,"href":"https:\/\/wp2017.gebogene-kanarienrassen.de\/index.php?rest_route=\/wp\/v2\/users\/1"}],"replies":[{"embeddable":true,"href":"https:\/\/wp2017.gebogene-kanarienrassen.de\/index.php?rest_route=%2Fwp%2Fv2%2Fcomments&post=40"}],"version-history":[{"count":5,"href":"https:\/\/wp2017.gebogene-kanarienrassen.de\/index.php?rest_route=\/wp\/v2\/pages\/40\/revisions"}],"predecessor-version":[{"id":726,"href":"https:\/\/wp2017.gebogene-kanarienrassen.de\/index.php?rest_route=\/wp\/v2\/pages\/40\/revisions\/726"}],"wp:attachment":[{"href":"https:\/\/wp2017.gebogene-kanarienrassen.de\/index.php?rest_route=%2Fwp%2Fv2%2Fmedia&parent=40"}],"curies":[{"name":"wp","href":"https:\/\/api.w.org\/{rel}","templated":true}]}}